ase 12, what is -3a8 + 2b89?
27a1
In base 14, what is -77c + c56b2?
c4d34
In base 9, what is 1 - 15817127?
-15817126
In base 12, what is -5 + 23888909?
23888904
In base 12, what is -14 + -297453?
-297467
In base 16, what is 3b59 - d36?
2e23
In base 13, what is -10 - -21a8ab?
21a89b
In base 12, what is b1bb4 + -174?
b1a40
In base 11, what is 9 + -755046?
-755038
In base 13, what is -415c10 - c?
-415c1c
In base 14, what is 9ddb + 256?
a253
In base 2, what is -111011101101001 - -10010011?
-111011011010110
In base 2, what is -10001011000001111101000101 + 10?
-10001011000001111101000011
In base 9, what is -62 - 704010?
-704072
In base 11, what is -3 - -aa04667?
aa04664
In base 6, what is 212545 - 43444?
125101
In base 8, what is 624722 + -177?
624523
In base 9, what is 2 - 82521885?
-82521883
In base 13, what is 19848649 + -5?
19848644
In base 15, what is 5a + de57e?
de5d9
In base 15, what is -11 - -2354?
2343
In base 2, what is -10100100001 - 1001101000011?
-1100001100100
In base 11, what is -6202683 + 12?
-6202671
In base 5, what is 4 + -433221142?
-433221133
In base 4, what is -1 - -131201321320?
131201321313
In base 15, what is -145 - 6c92?
-6dd7
In base 14, what is 562bd + c?
562cb
In base 7, what is 1 + 1116154002?
1116154003
In base 8, what is 1604312 - 26?
1604264
In base 5, what is 2410 - -4323240?
4331200
In base 2, what is -1001111 + -100110010000100110001?
-100110010000110000000
In base 6, what is -101405 - 542?
-102351
In base 12, what is 13 + 126304?
126317
In base 2, what is -10001011010101110001 + -10011?
-10001011010110000100
In base 5, what is -13 + -3113224?
-3113242
In base 2, what is -10100001000110000101 - -11111001100?
-10100000100110111001
In base 6, what is 3015 - -542?
4001
In base 3, what is 11 - 1122202211020?
-1122202211002
In base 13, what is 21b86c98 - 0?
21b86c98
In base 7, what is 1 + -2135625?
-2135624
In base 4, what is 10202311 - -1301?
10210212
In base 13, what is -22a653cc - 1?
-22a65400
In base 16, what is 5e52755 - -3?
5e52758
In base 4, what is 3021333230 - 13321?
3021313303
In base 8, what is 307716 - 2?
307714
In base 16, what is 2dfcb + a?
2dfd5
In base 10, what is -13 - -578821?
578808
In base 13, what is 41514 - 4a?
41497
In base 5, what is -4 + -42334432044?
-42334432103
In base 15, what is -13bb9c - -e3?
-13baa9
In base 12, what is -9954521 - 4?
-9954525
In base 12, what is -b0871 - 525?
-b1196
In base 16, what is -6833 + -45b?
-6c8e
In base 11, what is -5021652 + 1?
-5021651
In base 8, what is -5135 - -470340?
463203
In base 2, what is 1100111001111 - -10000011000101?
11101010010100
In base 12, what is 10633 + -9a2b?
2804
In base 2, what is 1000 - -10100100101010001001110?
10100100101010001010110
In base 13, what is 16c8 + -463?
1265
In base 3, what is 1101 - 102112120012?
-102112111211
In base 8, what is -547004 + -1110?
-550114
In base 15, what is eb39 + -42?
eae7
In base 15, what is 83 + -7a694?
-7a611
In base 6, what is 2 - 20024200?
-20024154
In base 9, what is 3 - -165666122?
165666125
In base 2, what is -101 - 11001011011111000111011010?
-11001011011111000111011111
In base 4, what is 20012 + -1013200?
-333122
In base 8, what is -16274 - 130454?
-146750
In base 4, what is -2201 - 22322303?
-22331110
In base 8, what is 13423161 - -14?
13423175
In base 16, what is -5 + -41a96b8?
-41a96bd
In base 12, what is -15 + -2b3a565?
-2b3a57a
In base 2, what is -10 + -101110001001001100110011001?
-101110001001001100110011011
In base 2, what is -1 + -1001000001100001001111101?
-1001000001100001001111110
In base 16, what is 43fe7 - -345?
4432c
In base 3, what is 2120220101001 + 1110?
2120220102111
In base 16, what is 30bf7e + -45?
30bf39
In base 7, what is -11 + 135604040?
135604026
In base 15, what is d + 4b338?
4b346
In base 6, what is 2111053 - -22?
2111115
In base 7, what is 5 + 64116363?
64116401
In base 13, what is 869 + -c62?
-3c6
In base 6, what is -2 - 411030410?
-411030412
In base 2, what is 101 - 10101000111001000010000?
-10101000111001000001011
In base 4, what is 110122220030 + 11?
110122220101
In base 5, what is 24422 + 4010?
33432
In base 12, what is -5a0 + -50915?
-512b5
In base 6, what is 203033 + 320505?
523542
In base 6, what is 40141 + 152234?
232415
In base 7, what is 2060343 - 6641?
2050402
In base 3, what is 10020222010100122 - 0?
10020222010100122
In base 6, what is 313153 - 23212?
245541
In base 13, what is -9331 - -2b73?
-648b
In base 8, what is 151 - 220201?
-220030
In base 9, what is -351131371 + 4?
-351131366
In base 8, what is 2672762 - 16?
2672744
In base 7, what is -16234236 + -22?
-16234261
In base 3, what is 102102111 + 1201202?
111011020
In base 10, what is -960989 - 158?
-961147
In base 16, what is -c3 + 984922?
98485f
In base 12, what is 3a261 - -130?
3a391
In base 13, what is -1 - -1825a6a?
1825a69
In base 15, what is -1c67 - c47?
-29ae
In base 11, what is 40832 - -23a?
40a71
In base 8, what is -771251 + 24?
-771225
In base 9, what is 2 - -614586487?
614586500
In base 10, what is 1050 + 17665?
18715
In base 13, what is 2289 - 50309?
-4b050
In base 13, what is -1458 + 11b1?
-277
In base 4, what is -10022013320 + -210?
-10022020130
In base 7, what is -4 - 1341016221?
-1341016225
In base 5, what is -3 - -1411333004?
1411333001
In base 4, what is -31333 - 111122132?
-111220131
In base 2, what is -1 - 1000110010101111100111100101?
-1000110010101111100111100110
In base 9, what is -27 - 3256?
-3284
In base 2, what is -11111110001100 + -100101110?
-100000010111010
In base 4, what is -231130232 + 233223?
-230231003
In base 7, what is -2460413 + -143?
-2460556
In base 13, what is a80 + 2cc?
107c
In base 12, what is -79 + 482019?
481b60
In base 5, what is -10112232 - 444?
-10113231
In base 15, what is -9a + 3165?
30ba
In base 4, what is -1303122023 - -322?
-1303121101
In base 14, what is 5 - 3bb156?
-3bb151
In base 11, what is 19622 - 120?
19502
In base 3, what is -22200 - 111222101121?
-111222201021
In base 11, what is 13715933 + -5?
13715929
In base 12, what is -1333 + -5067?
-639a
In base 12, what is 0 - 54a4b7?
-54a4b7
In base 15, what is 0 + -78e42d?
-78e42d
In base 10, what is 5234969 + -1?
5234968
In base 11, what is 602 - 2a6476?
-2a5974
In base 10, what is 5489 - -40143?
45632
In base 4, what is -3123113 + 122133?
-3000320
In base 11, what is -a8077 - 156?
-a8222
In base 16, what is 4b + 32ee85?
32eed0
In base 2, what is -100 - 100101101000111110110111011?
-100101101000111110110111111
In base 10, what is -821 + -4317?
-5138
In base 6, what is -1240 - -22220405?
22215125
In base 4, what is -1030 - -22103122?
22102032
In base 10, what is 1393401 - -1?
1393402
In base 11, what is 197 + -21501a8?
-2150011
In base 11, what is -612593078 + 1?
-612593077
In base 9, what is 1141102 + 3?
1141105
In base 13, what is 6c1a0b - -16?
6c1a24
In base 9, what is 26206 - 555?
25541
In base 6, what is 512343053 - 3?
512343050
In base 11, what is 4994a3 + -18?
499486
In base 13, what is 32874c - -9?
328758
In base 14, what is 1314 + -3554?
-2240
In base 13, what is -2084 + 3386?
1302
In base 2, what is -100110000001 + -100110001010?
-1001100001011
In base 9, what is 3 - -55107?
55111
In base 3, what is -1011011000122 + 22?
-1011011000100
In base 6, what is -222 + 235454?
235232
In base 11, what is -86a46741 - 6?
-86a46747
In base 3, what is -2 - -2212010021101112?
2212010021101110
In base 15, what is -41c58 - -d?
-41c4a
In base 7, what is 4 + 6556435?
6556442
In base 6, what is -5121414 + 12?
-5121402
In base 12, what is 19187 + -6ab7?
12290
In base 7, what is 50662 - 1652?
46010
In base 8, what is -5664 - 14313?
-22177
In base 2, what is -1100111110010010 - 110100?
-1100111111000110
In base 7, what is 0 - 225224423?
-225224423
In base 13, what is 1 - 1733214?
-1733213
In base 12, what is -116b8 + 335?
-11383
In base 15, what is -3 + -697839d?
-69783a1
In base 16, what is 15f0d48 + 3?
15f0d4b
In base 13, what is 6166b + 2a?
61698
In base 14, what is -1917a17 + 4?
-1917a13
In base 15, what is 62 - 1436b?
-14309
In base 10, what is 548 - -565117?
565665
In base 9, what is -5074286 + 4?
-5074282
In base 10, what is 3 - -51991867?
51991870
In base 15, what is -3 + -1829246d?
-18292471
In base 4, what is -13123 + -221103000?
-221122123
In base 5, what is 33301042030 + -3?
33301042022
In base 14